pose m + 29 = 5*v - 3*m, -14 = -3*v - m. Let r(a) = a**2 - 4*a - 7. Let x be r(v). Let h be 4*54/(-16)*x. Calculate the highest common divisor of 3 and h.
3
Let l(b) = b**2 + 2*b + 2. Let p be l(-3). What is the greatest common divisor of p and 35?
5
Suppose -4*x + 12 = -24. Suppose -k + 64 = 3*n, -4*k + 79 = 4*n - x*k. Calculate the highest common divisor of 3 and n.
3
Let n(i) = i**3 - 6*i**2 + 7*i - 5. Let h be n(5). Let o(g) = g**2 + g - 7. Let y be o(-7). Calculate the highest common factor of y and h.
5
Let t be (-1)/(-1) - (1 + -80). Let r = -37 - -55. Suppose 4*h - 58 = -r. Calculate the highest common divisor of h and t.
10
Suppose 4*n = 3*y - 8 + 35, -3*y - 9 = -n. Let c = 112 - -164. Suppose 0 = -5*v + c - 66. What is the greatest common factor of n and v?
6
Suppose 4*t + 473 = -5*x, -2*t - 8*x - 249 = -3*x. Let y(n) = -n. Let w be y(-12). Let v be (t/w)/(2/(-3)). What is the highest common divisor of 126 and v?
14
Let v(p) = p**3 - 6*p**2 + 4*p + 6. Let k be v(5). Let x be 0 - (k + -1) - -1. Let m be (-86)/(-8) - (-3)/12. Calculate the highest common factor of x and m.
1
Let w(k) = k**3 + k**2 - 5*k + 2. Let o be w(2). Calculate the highest common divisor of 16 and o.
4
Suppose u - 9 = -2*u. Suppose 510 = u*n - s, -n + 330 = n - 4*s. Suppose 2*l + w - 40 = 3*w, 3 = -3*w. Calculate the greatest common divisor of l and n.
19
Suppose 0 = 5*b - 5*d - 40, -2*d - 40 = -4*b - 2. Suppose 3*g + g = 0. Suppose g = 6*i - i - 165. What is the greatest common factor of i and b?
11
Suppose 0 = 6*w - 14 - 10. Suppose w = r + 1. Suppose 4*n - 15 = -3. What is the greatest common divisor of r and n?
3
Let f be 1/(-1 + (-24)/(-27)). Let u = 2 - f. Calculate the greatest common divisor of u and 44.
11
Let g be ((-3)/(-3) - 3)*2. Let w be (3/(-5))/(g/220). Let h(q) = 4*q**3 - q**2 - q + 1. Let f be h(1). Calculate the greatest common divisor of w and f.
3
Suppose 2*q + 7 = -4*h + 79, -q - 84 = -4*h. Let p = 348 + -338. What is the highest common divisor of p and h?
10
Let q be (18/4)/((-3)/8). Let z be ((-6)/4)/(q/64). Let f be (-147)/(-2)*z/12. Calculate the highest common divisor of f and 7.
7
Let u be (-15)/10*16/(-3). What is the greatest common factor of 12 and u?
4
Suppose 3*u - 43 = 5*d, -6*d = -3*d - 3. Suppose -6*v + 38 = -u. Calculate the greatest common divisor of v and 99.
9
Let h = 59 + -3. What is the greatest common divisor of h and 14?
14
Suppose 116 = 4*u + 8. What is the highest common factor of u and 18?
9
Suppose 3*h + 25 = 4*z - 2*h, 3*h = z - 8. Suppose -2*u + 15 = -0*u + w, -w + 36 = z*u. Calculate the highest common divisor of u and 21.
7
Let v(w) = -15*w. Let x be v(-6). Calculate the greatest common divisor of x and 10.
10
Let p(i) = i**2 - 10*i + 9. Let v be p(10). Calculate the highest common divisor of v and 99.
9
Let u(y) = 133*y**2 + 3*y. Let r be u(1). What is the highest common factor of r and 8?
8
Let q = -9 + 4. Let h = q - -6. Let i be 64/6 - h/(-3). Calculate the greatest common factor of i and 88.
11
Let x be 1*7 + -3 + 1. Let z(t) = 1 + 3 - t**2 - x*t + 13*t. Let w be z(7). What is the highest common factor of w and 99?
11
Let p(w) = w - 4. Let d be p(4). Suppose -x - 8 = 3*x, d = 5*i + 5*x - 550. Calculate the greatest common divisor of i and 16.
16
Suppose 4*l + 0*l = -5*k + 56, -k + 16 = -4*l. Calculate the greatest common factor of 36 and k.
12
Let a = 3 - -1. Suppose 4*m + a = 0, m - 21 - 78 = -5*z. What is the highest common divisor of z and 5?
5
Let l = 0 - 0. Suppose l = -2*m + 4. Suppose 5*h - 70 = -b, -3*h = -m*b + 2*h + 170. Calculate the greatest common divisor of 10 and b.
10
Let t(r) = -7*r. Let s be t(-1). Let n = -58 - -86. What is the highest common factor of n and s?
7
Let x(h) = -h**3 - h**2 - 2*h + 299. Let t be x(0). What is the highest common divisor of t and 23?
23
Let k be (-2)/(6/3) - -13. Suppose 5*c = c + 400. Let r = c + -70. Calculate the greatest common divisor of k and r.
6
Suppose 6*w = 111 + 57. What is the highest common divisor of w and 252?
28
Let s be (84/70)/(2/5). Let a(j) = -2*j + 5. Let i be a(-5). What is the greatest common divisor of i and s?
3
Let u = -47 + 69. Calculate the greatest common factor of 33 and u.
11
Let x(v) = -v**3 + 15*v**2 - 14*v + 21. Let u be x(14). Calculate the greatest common divisor of u and 3.
3
Suppose i - 2*m = -6*m - 10, 20 = -5*m. Let f(y) = -y + 8. Let w be f(i). What is the greatest common divisor of w and 16?
2
Suppose -23 = -2*r - 7. What is the greatest common divisor of 64 and r?
8
Let w(d) = -3*d. Let q be w(-1). Suppose 5 = q*f - 7. Suppose 5*k - 2*k - 5*b - 13 = 0, -2*k + 38 = f*b. Calculate the greatest common divisor of k and 44.
11
Let u = 44 + -21. Calculate the highest common factor of u and 138.
23
Suppose 7*u = 4*u + 24. Let q = u - 3. Let t be 2/(-5) + 554/10. What is the highest common factor of q and t?
5
Let h be 2/(-4)*(-12)/(-2). Let w be 3 + h + (4 - 2). What is the highest common divisor of w and 1?
1
Suppose 3*f + 2*c + 2 = 33, -2*f + 3*c + 25 = 0. Let v = 11 - 11. Suppose v*o = 5*o - 220. Calculate the highest common divisor of f and o.
11
Let l(h) = -7*h + 6*h - 6 - 3 - 8*h. Let a be l(-5). What is the highest common factor of a and 18?
18
Suppose -2*m - 14 + 4 = 0. Suppose -6*d - 5*y + 16 = -2*d, 3*d + y - 1 = 0. Let h be (-72)/(-10) - d/m. Calculate the greatest common factor of 49 and h.
7
Suppose -3*f + 27 + 105 = 0. What is the greatest common divisor of f and 22?
22
Let j be (-6 + 3)*(0 + -1). Let a be (1/j)/((-7)/(-63)). Suppose 0 = -5*x - 4 + 19. Calculate the highest common factor of x and a.
3
Suppose -a + y = -8, 7*a - 4*a - 4*y = 28. Suppose -46 = -5*x + 2*d, x - 4 - 2 = 2*d. What is the greatest common divisor of x and a?
2
Let r(d) = 11*d - 15. Let g be r(6). Let p be g/9 - (-7)/21. Calculate the highest common divisor of p and 6.
6
Let a be (-1)/4 - 50/(-8). Suppose -v = -a - 3. Calculate the greatest common divisor of v and 27.
9
Let k be (-2 - -4)*5*1. Let z = -4 + k. What is the highest common divisor of 30 and z?
6
Let o = 26 - -2. What is the greatest common factor of o and 224?
28
Let p(f) = -f**3 - 4*f**2 - 4*f - 2. Let a be p(-3). Let d be (a - -7)*48/32. What is the highest common divisor of d and 84?
12
Let s(z) = 2 + 7*z**2 + 5*z - z - z. Let f be s(4). Let g = -8 + 22. Calculate the highest common factor of g and f.
14
Suppose 4*h = 2*h. Suppose r - 2*x - 3 = -h*r, -r - 4*x + 21 = 0. What is the greatest common factor of r and 81?
9
Suppose 72 = g + c - 6*c, 0 = -3*g + c + 230. What is the highest common divisor of 11 and g?
11
Let u(y) = 2*y**2 + 5*y. Let p be u(-4). Suppose b = -10 + 46. What is the highest common factor of b and p?
12
Let g be 3/(-9) - (22/(-3) + 1). What is the highest common divisor of g and 18?
6
Let h = -1 + 81. Let v be (108/(-45))/(3/(-20)). Calculate the greatest common divisor of v and h.
16
Let t(f) = 2*f - 1. Let c be t(7). Let b = c - 7. Calculate the highest common factor of b and 30.
6
Let d(c) = -c**2 + 15. Let r be d(0). Let n = -67 + 73. Calculate the greatest common factor of n and r.
3
Let d be 6/33 + 1184/22. What is the highest common factor of 27 and d?
27
Suppose -3 = y - 3*t + t, y = 5*t - 15. Let i be 0/y + (17 - 2). Calculate the greatest common factor of 165 and i.
15
Suppose -12*y + 105 + 39 = 0. What is the greatest common factor of 18 and y?
6
Let h be ((-12)/(-7))/(8/56). What is the greatest common factor of 96 and h?
12
Suppose -7*m - 55 = -12*m + 5*a, 3*m - 2*a = 33. What is the greatest common divisor of m and 33?
11
Let n = 19 - 6. Calculate the highest common factor of n and 39.
13
Let s be 4/(-6) - 34/(-6). Suppose -s*t - 3 = -3*o - 43, t = o + 8. What is the highest common divisor of t and 1?
1
Suppose 6*v - v - 40 = 0. Let l be 4/10 - 468/(-30). Calculate the greatest common divisor of l and v.
8
Let u = -1 + 7. Suppose 0*z - 5*z = -55. Suppose -115 = -3*p + z. What is the greatest common factor of p and u?
6
Suppose 571 = 2*b - 403. Let y = 1043 - b. Suppose -5*x - 4*i = -y, -2*i + 0*i = -x + 114. What is the greatest common factor of x and 16?
16
Let u = 143 - 71. Calculate the greatest common factor of u and 9.
9
Suppose 4*o = 239 - 15. What is the highest common divisor of 14 and o?
14
Let r(g) = 3*g**2 - 3*g. Let j = 1 -